12 + 10*b**2 - 3*b. List the prime factors of z(0).
2, 5
Suppose -4*a = a - s - 6, -2*s = -8. Let h(u) = -8*u + 2*u**a - 2 + u**2 - 2*u**2 - 2*u**2. List the prime factors of h(-7).
5
Suppose 5*v - c - 1147 = 0, -11*c + 7*c + 12 = 0. List the prime factors of v.
2, 5, 23
Let x(b) = -b - 16. Let h(l) be the third derivative of -l**4/24 - 17*l**3/6 + 2*l**2. Let z(o) = -4*h(o) + 3*x(o). List the prime factors of z(-12).
2
Let t = 10 + -8. Suppose -12 = -4*c + 4*m, t*m - 1 = 1. Suppose 5*q = c*q + 6. What are the prime factors of q?
2, 3
Let z = -2 + 13. Let a(j) = -j**2 + 10*j + 10. Let i be a(z). Let w = i + 23. What are the prime factors of w?
2, 11
Suppose -l + 0*l + 3 = -i, 2*i - 12 = -4*l. Suppose i*h - 5*h = -35. Suppose h*u - 36 = 4*u. What are the prime factors of u?
2, 3
Suppose -5*v = 4*r - 710, -2*r = 20 - 10. What are the prime factors of v?
2, 73
Suppose 2*a = 5*a - 2*g - 478, 784 = 5*a + 3*g. What are the prime factors of a?
2, 79
Suppose 4*m - 4 = 3*p - 14, -p + m + 4 = 0. Let n = p - -2. Suppose -x = -5*i + 49, -i + x = -x - n. What are the prime factors of i?
2, 5
Let a(c) = 2*c**2 + 4*c**2 - c + 0*c + 2. List the prime factors of a(2).
2, 3
Let j = 12 + 83. Let r = -57 + j. List the prime factors of r.
2, 19
What are the prime factors of (0 - (-3)/6)*2 - -36?
37
Let d = 148 - 100. List the prime factors of d.
2, 3
Suppose 2*r + 0 = -12. Suppose -10 = 5*f, 3*n - 4*n - 8 = f. List the prime factors of (r/9)/(n/27).
3
Suppose z + 0*z = 3. Let c = 4 + z. Let f = c - 2. List the prime factors of f.
5
Suppose 4*f = 16*f - 600. List the prime factors of f.
2, 5
Let k = 6 + -10. Let z be k*2*(1 + -3). Suppose 2*h = 4*f, -h = f + f - z. What are the prime factors of h?
2
Suppose 4*w - 190 = -w. List the prime factors of w/4 - (-3)/6.
2, 5
Let g(k) = 2*k**2 - 10*k + 9. What are the prime factors of g(10)?
109
Let y be ((-4)/(-28) - 1)*7. Let q(r) = -8*r + 3. What are the prime factors of q(y)?
3, 17
Let h(o) = o**3 + 5*o**2 + 4*o + 6. Let m be h(-4). What are the prime factors of (-8)/m*(-105)/10?
2, 7
Suppose -5*r + r = 0. Suppose -u - 2*t = -16, 0 = -5*u - r*u + 5*t + 65. List the prime factors of u.
2, 7
Let n be -4*((-2)/(-8) - 1). Let d be (-2)/(-4) - n/(-2). Suppose -d*b - 2*b = -36. List the prime factors of b.
3
Let v be -2 - (-1 - (-1 - -2)). Let g = 3 - v. Suppose h + 15 = -4*d, -g*d - 12 = -3*h + 18. What are the prime factors of h?
5
Suppose 3*n + 3*o = 4*o + 15, 0 = -5*o + 15. List the prime factors of n.
2, 3
What are the prime factors of (108/(-8))/((-3)/6)?
3
What are the prime factors of ((-152)/12*-2)/((-1)/(-6))?
2, 19
Suppose 10 - 2 = 4*n. Suppose 0*h - n*h = -24. What are the prime factors of h?
2, 3
Let t(o) = 2*o**2 - 14*o - 20. What are the prime factors of t(13)?
2, 17
Let s = -26 + 43. List the prime factors of s.
17
What are the prime factors of -3*(-586)/6 - -5?
2, 149
Let t(g) = -g**3 - 4*g**2 - 3*g - 7. List the prime factors of t(-5).
3, 11
Let h = -26 + 47. What are the prime factors of h?
3, 7
Let j(r) be the second derivative of 3*r**5/5 + r**3/6 - r**2/2 - r. List the prime factors of j(1).
2, 3
Let d(v) = -v**3 - v**2. Let o be d(-3). What are the prime factors of 122/o - 8/(-36)?
7
Let x = 7 + -4. Suppose 4*r - 24 = -2*h, -2*h + 0*r + 27 = x*r. List the prime factors of h.
2, 3
Let i(c) = -22*c + 51. What are the prime factors of i(-8)?
227
What are the prime factors of (-102)/(-4) - 4/8?
5
Let h = 9 + -6. Suppose -4*d = -k + 6*k - 95, -h*k = 2*d - 59. List the prime factors of k.
23
Suppose 0 = -s + u + 35, -3*s = -5*s - u + 64. Suppose 126 - 21 = -5*y. Let a = s + y. List the prime factors of a.
2, 3
Let f = -596 + 875. List the prime factors of f.
3, 31
Suppose 2*k = -4*j + 2*j + 8, 0 = 5*k - 4*j + 16. Suppose k*y + 15 = y. List the prime factors of y.
3, 5
Let w(b) = 3 - 4*b**2 - 2*b**2 + 7*b**2 + 10*b. List the prime factors of w(-12).
3
Suppose -4 + 28 = 4*g. What are the prime factors of (72/8)/(2/g)?
3
Let h = 10 - -8. What are the prime factors of h?
2, 3
Let b = -14 - -24. Suppose n = -2*a - 2*n + 25, -n = -3*a + b. What are the prime factors of a/5 - 2/(-2)?
2
Suppose -3*a + 4*a + k + 43 = 0, 3*a - 3*k = -105. List the prime factors of ((-1)/(-3))/((-1)/a).
13
Let g = -2 + 7. Suppose -2 = r - g. Suppose -r*y + c + 16 = 0, 4*y - 24 = 4*c - 0. What are the prime factors of y?
5
Let b(z) = z**3 + 8*z**2 + 8*z + 7. Let o be b(-7). Suppose o = 4*j - 11 - 21. What are the prime factors of j?
2
Let o(w) be the first derivative of -w**5/60 + 5*w**3/3 - w**2 + 2. Let p(j) be the second derivative of o(j). List the prime factors of p(0).
2, 5
Suppose 2*u = 5 + 1. Suppose -u*d + 162 = 63. List the prime factors of d.
3, 11
Suppose -375 = -8*a + 585. List the prime factors of a.
2, 3, 5
Let x(l) = -8*l - l - 2*l + 3 - l. Let j be x(5). List the prime factors of j/(-21) + (-4)/(-14).
3
Let n = 7 + -4. Suppose -4*r + x + 31 = 4, n*r - 24 = 2*x. What are the prime factors of r?
2, 3
Suppose 29 = q + k - 25, 5*k = 0. What are the prime factors of q?
2, 3
Let c = -104 + 26. Let a = c + 119. Let k = a + -25. What are the prime factors of k?
2
Let m be 6*((0 - 3) + 0). List the prime factors of (-9)/(-2)*(-96)/m.
2, 3
Let j be (-2)/(-8) + (-46)/(-8). Let k = j + -3. Suppose 0 = k*v, -m - v + 14 = 3*v. List the prime factors of m.
2, 7
Let x be 0*(10/(-4) + 2). Suppose n - 7 + 3 = x. What are the prime factors of n?
2
Let c(m) = 4*m**2 - 5*m - 1. What are the prime factors of c(4)?
43
Suppose -j + 2 = 0, 2*r - j = -2*j + 2. Suppose -3*z + 4 = -u - r, -16 = -2*u - 2*z. What are the prime factors of (10*1)/(10/u)?
5
Let p(i) = -i**3 + 6*i**2 + i - 3. What are the prime factors of p(5)?
3
What are the prime factors of 1/(-2*(-1)/42)?
3, 7
Let n(c) = -c + 7. Let h(r) = r**2 - 10*r + 5. Let w be h(9). Let l(x) = x - 7. Let v(y) = w*l(y) - 3*n(y). What are the prime factors of v(-6)?
13
Let u(q) = q**3 - 13*q**2 + 15*q - 2. What are the prime factors of u(12)?
2, 17
List the prime factors of (235/(-30))/(2/(-12)).
47
Let i(p) = -15*p + 4. Let f be i(8). Let z = -76 - f. What are the prime factors of z?
2, 5
Suppose -3*u + 5*u - 6 = 0. Let n be -1 - -2 - (-6)/u. Suppose -3*c - 18 = -5*c + 2*a, n*c - 17 = -2*a. What are the prime factors of c?
7
Suppose 6*q + 228 = 8*q. What are the prime factors of q?
2, 3, 19
Suppose -f - 5 = -4, -162 = -q + 2*f. List the prime factors of q.
2, 5
Let x = -53 - -129. List the prime factors of x.
2, 19
Suppose 3*w = -2*w + f + 334, -3*w + 2*f + 206 = 0. What are the prime factors of w?
2, 3, 11
Let w(u) = -32*u - 34. List the prime factors of w(-4).
2, 47
Suppose -6*n + 2*n + 312 = 2*d, 2*n = 2*d - 288. List the prime factors of d.
2, 37
Let u(r) = 2*r**3 - 10*r**2 + 12*r - 11. What are the prime factors of u(6)?
7, 19
Let x = -206 + 296. What are the prime factors of x?
2, 3, 5
Let v = 15 - 21. What are the prime factors of (5/2)/((-1)/v)?
3, 5
Suppose -4*j + 117 = -j. List the prime factors of j.
3, 13
Let p(k) = k**3 - 15*k**2 - 17*k + 21. Let g be p(16). Suppose 3*q - 24 = 2*o + 2*o, g*q = -5*o + 75. List the prime factors of q.
2, 3
Let o = 43 - 7. List the prime factors of o.
2, 3
Let m(t) = -t**2 + 2*t. Let j be m(3). What are the prime factors of (-40)/j - 4/12?
13
Let r(u) = -23*u - 9. What are the prime factors of r(-2)?
37
What are the prime factors of ((-2)/4 - (-1385)/10) + 2?
2, 5, 7
Let l be ((-12)/(-14))/(3/(-21)). List the prime factors of (4/5)/(l/(-285)).
2, 19
Let l be -2 - (-3*1)/3. Let c = l + 4. Suppose m + 4*v = -0*m - c, v - 6 = -m. List the prime factors of m.
3
Let r be -3 - -1 - (-1 + 0). What are the prime factors of (-8)/(r*(2 + -1))?
2
Let x be (0 + (-3)/6)*0. Let r be (-84)/15*(5 - x). Let q = -18 - r. What are the prime factors of q?
2, 5
Suppose -2*q = -4*q + 70. What are the prime factors of q?
5, 7
Let p be 4 + -23 + -2 + 1. Let o = p - -29. What are the prime factors of o?
3
Let y = 15 - 13. Let h(u) = 5*u + 1. List the prime factors of h(y).
11
Suppose 0 = 5*x - 6*x - 6. Let s = 12 + x. List the prime factors of s.
2, 3
Let w = -16 - -23. Let n be 12/w - 4/(-14). Suppose 2*h - n - 2 = 0. List the prime factors of h.
2
Let l be 0 + (0 - (-1 + -1)). Suppose 5*w + 0*f - 4*f - 103 = 0, -63 = -3*w + l*f. List the prime factors of w.
23
Suppose k =